 + -4.
5
What is the value of (0 - -2) + -2 + 4 + -1?
3
What is -6 - (5 - (3 - -5))?
-3
What is the value of (1 - 3 - (-1 + 3)) + 8?
4
What is the value of 1 + -7 + 7 - (-4 + -1)?
6
Calculate -7 - (8 + -5 - 10).
0
What is (-4 - (-7 + 5 - 5)) + 2?
5
Evaluate -2 - (-4 + -1) - (-2 + 1).
4
What is the value of 2 - (-2 - -3 - (-2 + -1))?
-2
Evaluate -2 - -2 - -1 - 4.
-3
Calculate (-5 - -5) + 3 + 6 + -9.
0
-12 + (2 - 3) + (17 - 13)
-9
(-5 - -2) + (-2 - -13) + -2
6
Evaluate (3 - 7) + (2 - 3 - -1).
-4
-7 + 0 - (-12 + -6 + 14)
-3
(3 - (-4 + 8)) + 3 - -1
3
What is the value of 7 + (0 - (-1 - (-3 - 0)))?
5
-9 + (0 - -6 - (33 - 31))
-5
Evaluate 4 + (-3 - 1) + 2.
2
What is the value of (-2 + 1 - -2) + -1 + -3?
-3
Calculate 10 + -21 + 3 + (1 - -2).
-5
Evaluate 10 - (-1 + 13 + -12).
10
Calculate -5 - (0 + (-10 - -4)).
1
What is the value of 4 - ((2 - 1) + -4 - -2)?
5
Calculate 6 + -5 + (-4 - -4) - -6.
7
6 - 0 - ((2 - 12) + 17)
-1
Evaluate 2 - ((-7 - -8) + 4).
-3
Calculate 5 - (-69 + 70 - (0 - 0)).
4
What is the value of -2 + -1 - -3 - (-44 + 50)?
-6
What is the value of (-1 - -1) + -5 - -6?
1
-8 - -7 - 2 - (3 + -7)
1
Calculate 1 - 6 - 0 - -7.
2
2 + -1 - 1 - (-12 - -7)
5
1 - (5 + -1 + -16 + 16)
-3
Evaluate 4 - ((-4 - -5) + 2 + 1).
0
6 + -8 - 5 - -3
-4
16 + 7 + -10 + 1 - 6
8
Calculate (2 - (1 + 5)) + 1 + 4.
1
Calculate (-11 - -15) + -5 + -1 - -4.
2
Calculate 0 + 1 + -3 + 0 + 2.
0
What is the value of -4 + 0 + 1 + 1?
-2
Evaluate 5 + -1 + -5 + 3.
2
(5 - 5) + -1 + -4
-5
What is the value of -4 - -2 - (0 - (4 + -1))?
1
Evaluate 0 - -1 - (23 + -37 - -13).
2
2 + 1 + 1 + 2 + -3
3
What is the value of (0 - -2 - (-4 + 4)) + 1?
3
What is the value of -2 + 2 + (1 - (3 + -7))?
5
Evaluate -9 - -2 - (-5 - -3).
-5
What is -1 + -5 + 5 + 1 - 2?
-2
What is -6 + 13 - 10 - 6 - -1?
-8
What is the value of 0 - ((-5 - 7) + 11)?
1
What is -2 - (0 - 4 - 2)?
4
What is the value of 7 - 12 - (-13 - -4)?
4
What is 1 - (2 - -4 - 2 - -1)?
-4
Evaluate -3 - -5 - (77 + -79).
4
What is (2 - 0) + (6 - 9)?
-1
What is 1 - (4 + (3 - (3 - 0)))?
-3
Evaluate -1 + -4 + 3 - -4.
2
Evaluate 5 - (2 - (-2 + 2)).
3
Evaluate (6 - (1 + -1)) + -1 + 0.
5
Evaluate -5 - (-1 - -2 - (-48 - -52)).
-2
Calculate -10 + 0 + -5 + -11 + 19.
-7
0 + (4 - -4) + -4
4
What is the value of -1 - (3 + -1 + 0)?
-3
Evaluate (-1 - 0) + (0 - -3) + 1.
3
-13 + 7 + 11 - 6
-1
Calculate (13 - 14) + 0 + 1.
0
What is the value of 16 - 7 - 2 - 5?
2
What is (5 - 2 - 2) + (0 - 2)?
-1
What is 1 - -2 - -6 - (5 - 3)?
7
Calculate -5 + (-7 - -15) + (1 - 1).
3
Calculate 8 - (-2 + -1 - (16 + -19)).
8
Calculate 5 - (1 - -1) - -1.
4
Calculate -1 + -8 + (-138 - -142).
-5
Evaluate -14 + 18 + -4 + 1.
1
Evaluate 2 - (6 + -4 - -5).
-5
What is the value of -4 - (-3 - 0) - (-2 + -4)?
5
Evaluate (15 - (-2 - -12)) + (-1 - 8).
-4
What is 9 + -6 + -20 - -11?
-6
(70 - 70) + (1 - (-1 + 0))
2
Evaluate 0 + 4 + 6 + -7.
3
What is the value of -8 + (3 + -4 - -10)?
1
Evaluate 3 + (0 - 4 - 2).
-3
9 + 0 + (5 - 4) + -6
4
(-6 + 0 - -17) + 3 + -7
7
2 + (1 - 1 - (-2 + -1))
5
-10 + 6 + -1 + (1 - 3)
-7
Calculate 1 - 4 - (2 + 3 + -3).
-5
What is the value of -4 - ((6 - 3) + -4)?
-3
Evaluate -6 + 1 + 1 - (14 + -15).
-3
What is 1 - 0 - 2 - (8 - 12)?
3
What is 1 + (-1 - (6 - 3)) + 1?
-2
What is the value of 3 + 2 + (-3 - (-2 - 0))?
4
-4 + 8 + -13 - -4 - 5
-10
Evaluate (4 - (-4 - -12)) + 5 + 0.
1
Evaluate -4 + 2 + (1 - -2).
1
Calculate 3 + -8 + (1 - -1) + 0.
-3
Evaluate -6 + 1 + (10 - 14).
-9
Calculate -35 - -37 - (2 + -1 - -5).
-4
What is 7 + 2 + -5 + 25 + -23?
6
Evaluate (-1 - 0) + 9 - (-49 - -53).
4
What is the value of (-4 - -14) + -4 + -12?
-6
Calculate 1 - (6 + -5 + (3 - 0)).
-3
Evaluate 1 - (3 + -2) - (5 - 10).
5
-3 + 1 + 5 + -3
0
What is the value of 0 - (-1 + 2 - 5)?
4
What is the value of 0 + -9 + (-54 - -61)?
-2
7 + 8 + (-2 - 18)
-5
Evaluate (-1 + 6 - -1) + -2.
4
Calculate 1 + -2 - 3 - (2 - 4).
-2
Calculate -2 - (5 - (-5 - -9)).
-3
What is the value of 5 - (10 + (-3 - 5))?
3
Calculate 8 + 0 + 1 - 4.
5
Evaluate 8 + -6 + (0 - 0 - 2).
0
21 + -25 - (0 - 1) - 0
-3
Calculate 4 + (-9 - (-5 + 0)).
0
What is 0 + 1 - (8 - 4 - 0)?
-3
Evaluate 10 - (4 + (-11 - -14)).
3
What is the value of -5 - (4 + -3) - -3?
-3
Calculate 3 - 6 - (1 + -2).
-2
-2 + 4 + -3 + 1
0
Calculate 1 + 3 - (-13 - -13).
4
4 + (-1 - 6) + -5 + 4
-4
What is 0 + (-8 - (-8 + 2))?
-2
What is the value of 4 + (-7 - -4) - 1 - 3?
-3
(0 - ((2 - 6) + 6)) + 3
1
Evaluate (3 - (8 - -1) - -8) + -9.
-7
What is (-13 - -9) + (-3 - -8)?
1
What is -8 - -5 - -2 - (-4 + 0)?
3
Evaluate -5 - (1 + -5 + 3 + 1).
-5
What is the value of 45 + -55 + (0 - -4)?
-6
Calculate -2 + 2 + (4 + 0 - 9).
-5
What is the value of 3 + (2 - 7) + 5 - -7?
10
(83 - 76) + -1 + -1 + -1
4
Calculate 3 - (1 - 2) - (-1 + -1).
6
3 - (9 + -2 - 5) - -1
2
What is the value of (0 - (-6 + 3)) + 0?
3
What is the value of -2 + -2 + 0 + 0 + 8?
4
What is (-7 - -3 - 0 - 2) + 2?
-4
What is (-1 - 2) + (-24 - -34)?
7
Evaluate (7 - 10) + (6 - 2).
1
Evaluate 7 + -6 + (8 - 2) + 1.
8
-3 + 6 + -10 - (1 + -4)
-4
What is (-5 - 0 - (-14 + 7)) + -5?
-3
Evaluate -3 + 2 - (10 + -7 + 5).
-9
2 + (-5 - -2) + (11 - 11)
-1
(-2 - 7) + (55 - 37)
9
1 - (-2 + 10 - 12)
5
Calculate (-1 + -13 - -10) + 13.
9
What is 3 + -6 + (1 - (6 + -4))?
-4
Calculate -1 - (2 + (4 - 5) - 4).
2
Calculate 4 - (2 + -2 + 3 + -2).
3
Evaluate -5 - -3 - (-5 - -9).
-6
(-29 - -26) + (-1 - -7) + 1
4
(-9 + 16 - 13) + 0
-6
What is the value of -10 + 12 + -6 + -11 + 13?
-2
Calculate -2 + ((2 - 5) + 2 - 1).
-4
Evaluate 3 - -5 - -3 - 7.
4
Evaluate -7 + (5 - ((12 - 6) + -5)).
-3
Calculate -1 - (-4 + 2) - 3.
-2
What is -2 - (5 - (-11 - -20))?
2
Calculate -6 + (6 - -22 - 13).
9
Evaluate (3 - 6) + (5 + -12 - -3).
-7
Evaluate (-5 - 3) + 19 - 3.
8
Calculate (33 - 38) + (1 - -7).
3
-9 - (-5 - (3 + -5)) - -10
4
Evaluate 4 + -12 + -2 - (0 - 5).
-5
-9 - -17 - (-1 - -8)
1
0 - (2 - 0) - (32 + -39)
5
What is 9 + 2 + -4 + -11?
-4
(2 - -5) + (-2 - 2) - -1
4
Calculate 3 + -6 - (-4 + -4).
5
Evaluate -12 + 9 - 4 - -8.
1
What is the value of -2 - -6 - (11 + (-1 - 0))?
-6
What is the value of 3 + (-3 - (1 - 7)) - 6?
0
What is 3 + (-13 - -16) + -1 + -7?
-2
Evaluate 1 - (5 + -1 + 0).
-3
What is -2 + 1 + (1 - 0) - -4?
4
-5 + (-8 - -10) + -1
-4
What is -2 - -2 - (0 + 0)?
0
What is -8 - (-8 - (2 - 7))?
-5
-1 - -1 - ((1 - -13) + -11)
-3
Calculate -3 + 4 - (-5 + 9).
-3
Calculate 4 + (9 - (12 + -6)) + -1.
6
Evaluate (-98 - -106) + 1 + -8.
1
(-5 - 0) + (12 + 0 - 12)
-5
0 + (2 + -4 + 5 - 2)
1
What is -2 - (-1 - (1 + -3))?
-3
What is -4 + (-2 - 1) + -4 + 13?
2
What is (1 - -4) + 10 + 16 + -23?
8
What is (-5 - -3) + 6 + -8?
-4
What is -7 - ((1 - 1) + -2)?
-5
Evaluate -4 - -3 - -9 - 3.
5
What is the value of (11 - 16) + (5 - (-5 + 2))?
3
-4 - (-3 + 3) - 1 - 0
-5
Evaluate -1 + 4 - (0 - 0).
3
Calculate -1 - -2 - (-15 + -2 + 18).
0
What is the value of 2 + (-7 - ((-2 - 7) + 3))?
1
Evaluate 7 - (5 - 8 - (-4 + -3)).
3
What is 5 + -3 + 2 + 2?
6
9 + -17 - (4 + -5)
-7
What is 0 + 3 + (-2 - -1)?
2
Calculate (-6 - 1) + (-29 - -17 - -13).
-6
Evaluate -4 - (3 - ((-2 - 2) + 10)).
-1
Evaluate -6 + 0 + 6 + 3 + 1.
4
Calculate -13 + 14 - (2 + -3).
2
Calculate -4 + 2 + -3 + 6.
1
What is 9 - (-3 + (14 - 9))?
7
What is -5 - (3 - 2 - (39 - 40))?
-7
What is 7 - 3 - 0 - (7 - 2)?
-1
What is (0 - -2 - (-16 - -19)) + 0?
-1
What is -4 - (0 + -11) - -1 - 4?
4
What is the value of (1 - 0) + (2 - (0 + 1))?
2
Calculate 2 + (0 - (5 + 0)).
-3
Evaluate -5 + -2 - (-7 - -2) - 4.
-6
What is -1 - (1 + (4 - 3))?
-3
Calculate 1 + (-4 + 8 + -4 - -1).
2
-5 - 4 - (-33 - -19)
5
Calculate 16 + -19 + (1 - -3 - -4).
5
What is -5 + -10 + (3 - -6)?
-6
Evaluate -1 - (5 + 6 + -5) - -7.
0
What is the value of 8 + (-6 - -8) - 16?
-6
What is the value of 0 + -15 + 14 - (-4 - 1)?
4
Evaluate -4 + -3 + (-3 - -2) + 3.
-5
What is 10 + (-8 - 0) + (10 - 7)?
5
Evaluate (-139 - -144) + (0 - -1 - 5).
1
What is the value of (6 - (3 + 8)) + 4?
-1
0 + 6 - ((2 - 4) + 4)
4
What is the value of -1 - 4 - (15 - 20)?
0
Calculate 2 + 5 - (-6 + 12).
1
What is the value of -2 - 5 - (-10 + 3)?
0
What is -6 - ((-6 - -2) + -2 + 2)?
-2
What is the value of (5 - -1) + -15 + (19 - 9)?
1
4 + (2 - (9 + -2)) + 2
1
What is the value of -2 - (24 + -21 + (1 - -1))?
-7
27 + -18 - (3 + -1 - -3)
4
Calculate 1 - 1 - 13 - (-74 - -69).
-8
-10 + 2 + 1 + 3